f 33 and j?
33
Let u be 17 - (-2 - (-72)/(-9) - -2). What is the highest common factor of u and 1150?
25
Let c be (1440/6)/(-1 + 2). Suppose -s + f = 3*s - 264, -c = -4*s - 5*f. What is the highest common factor of s and 26?
13
Let k(y) = 2*y**3 - 7*y**2 + 13*y - 30. Suppose -28*j = -43*j + 75. Let x be k(j). Calculate the highest common divisor of x and 88.
22
Let j = 29 - 21. Let m = 903 - -383. Let n = m - 1230. What is the highest common factor of n and j?
8
Let f(t) = -2*t**2 - 43*t + 50. Let w = 186 - 208. Let c be f(w). What is the greatest common divisor of c and 308?
28
Suppose 5*h = 2*b - 36399, 4*b + 54595 = 7*b - 4*h. Calculate the highest common factor of 31 and b.
31
Let f = -72 + 188. Suppose 2*t - 37 = 91. Let c be (-117)/(-4) + 4/t*-4. Calculate the highest common factor of f and c.
29
Let x = 6262 - 3756. What is the greatest common divisor of 14 and x?
14
Let l(f) = -f - 1. Let a(j) = -12*j - 17. Let n(k) = a(k) - 3*l(k). Let r be n(-4). Calculate the highest common factor of 209 and r.
11
Let k = 130 - 78. Let u = -5940 + 6005. Calculate the greatest common factor of k and u.
13
Suppose -3*v + 9*v - 24 = 0. Suppose 0 = -2*o + o + v. Let z be 8*-1*6*o/(-16). Calculate the greatest common factor of 12 and z.
12
Let o be -24*(7 + 1020/(-168))*-7. What is the highest common factor of o and 16?
4
Let k(z) = -z + 23. Let i = 79 + -101. Let d be k(i). What is the greatest common divisor of 720 and d?
45
Let s(g) = -8*g + 5 + 0*g + 20*g. Let q be s(6). Suppose 0*r - 35 = -5*r. What is the highest common factor of r and q?
7
Let o = -8385 - -16136. What is the greatest common factor of o and 23?
23
Let o be -51*-1*(-8)/12. Let q = o + 65. Let p = q - 18. What is the highest common factor of 52 and p?
13
Suppose 9*y - 6*y - 900 = 0. Let g = -1677 - -1707. Calculate the greatest common divisor of y and g.
30
Let g = 21 - 14. Suppose g*v - 220 = 32. Let q be 1*-2 - 9/(v/(-88)). Calculate the greatest common divisor of q and 30.
10
Let o be (-10)/4*44/165*(-227 - 1). What is the greatest common divisor of 2360 and o?
8
Let m be ((-120)/9)/2*((-256)/(-20) + -14). Calculate the greatest common divisor of 9032 and m.
8
Let p(n) = 2973*n + 9794. Let u be p(-3). What is the highest common factor of u and 35?
35
Suppose 19*r - 2952 + 235 = 0. Calculate the greatest common divisor of r and 319.
11
Suppose -12*f = -10*f. Let d(c) = 2*c - 18. Let p be d(f). Let z be ((-8)/14)/(p/21)*42. Calculate the highest common factor of 308 and z.
28
Suppose 3*j - 4*b - 8 - 23 = 0, -5*j + b + 46 = 0. Let l be 3/(j/3)*(90 + 1). What is the highest common factor of l and 14?
7
Let c be -6 + 9 + 3 - 8. Let x be (-2*61)/c - (93 + -89). Calculate the highest common divisor of 76 and x.
19
Suppose 0 = -k + y + 2590, -559*k + 558*k + 2572 = 5*y. What is the highest common divisor of k and 13?
13
Suppose 330 = 4*w + 26*w. Let b = 1056 - 682. Suppose 9*x - 7*x = b. What is the greatest common factor of x and w?
11
Suppose 137 = 71*l - 5. Suppose -18 + 72 = 3*o. Calculate the highest common factor of o and l.
2
Suppose -29*s = -34*s + 55. Let d = 126 + 83. What is the greatest common factor of d and s?
11
Let s(v) = 21*v**2 + 9*v + 58. Let q be s(7). What is the highest common factor of q and 50?
50
Let s(b) = -4*b - 33. Let a be s(-8). Let u be 10*52/8*(a - -2). Suppose -z = 5*d - 1 + 3, 3*z + 2*d = 33. What is the highest common divisor of z and u?
13
Suppose -28 - 146 = -c + 3*b, b = 4*c - 641. Let u = c + -133. What is the greatest common factor of u and 13?
13
Suppose -2*a = -2*h + 7*h - 131, 2*a - 77 = -3*h. Let z be -98 - -400 - (1 - 8/(-2)). What is the greatest common factor of z and h?
27
Suppose -72 = -4*q - 2*h, -q + h + 32 = 5*h. Let t be 0/(-2) + 4 - 2. Let u be -2 - (-32 + 4 - (t - 4)). Calculate the highest common factor of u and q.
8
Let m be (-6)/(-4)*(5 - -1). Suppose p - 2*i + 4*i = -9, 3*p = 3*i - 9. Let r(k) = -3*k + 12. Let b be r(p). Calculate the highest common divisor of b and m.
9
Let r be (2/3)/((-14)/(-567)). Suppose -76*w + 2699 = 43*w - 514. Calculate the greatest common divisor of w and r.
27
Let c(f) be the third derivative of f**4/6 + 14*f**3/3 + 124*f**2. Let z be c(27). What is the greatest common factor of z and 8?
8
Let v be ((285/133)/(20/1295))/(3/68). Calculate the greatest common divisor of v and 740.
185
Let h be (-3)/5 - 15536/40. Let o = h + 725. Calculate the highest common factor of 48 and o.
48
Suppose 0 = -5*b + 10. Let o(l) = -l + 8*l**2 - 11*l**2 + 4*l**b. Let r be o(3). Calculate the highest common factor of 12 and r.
6
Let p(m) = 22*m**2 - 8*m - 32. Let c be p(-6). Let g = -784 + c. What is the highest common factor of 198 and g?
6
Let q(p) = -10*p**2 - 4*p - 3. Let d be q(-2). Let w = -26 - -1. Let g = w - d. Calculate the highest common factor of g and 2.
2
Let g = 204 - 200. Suppose 0 = -t + 3, -g*t = -5*y + 3*y + 140. What is the greatest common divisor of 190 and y?
38
Let u(w) = -w**3 + 8*w**2 + 14*w - 10. Suppose 0 = -29*x + 26*x. Let c be 9/6*6 - x. Let m be u(c). What is the highest common factor of m and 210?
35
Suppose 44*t - 10800 = -28*t. What is the greatest common divisor of 13525 and t?
25
Suppose 15*v - 19*v + 2*n + 20 = 0, 0 = 4*v - 3*n - 24. Let i(s) = 75*s + 36. Let q be i(v). What is the greatest common divisor of 29 and q?
29
Let j(w) = -6*w**2 + 53*w + 11. Suppose 6 = 2*p - 4*r, 5*r - 26 = -11. Let q be j(p). Let l = -1 - -2. What is the greatest common divisor of l and q?
1
Let x(w) = 280*w + 2830. Let t be x(-10). Calculate the greatest common factor of t and 2385.
15
Suppose 15*l - 34*l = -3762. Let s = 7 + l. What is the highest common divisor of s and 15?
5
Let q(l) = -12*l + 14*l + 1 + 2*l**2 - l**2. Let h be q(-3). Suppose -5*i + 4*t = -0*t - 152, h*t + 56 = 2*i. What is the highest common divisor of i and 4?
4
Let n be (-217)/(-42) - 3/18. Let i be n + -1*(3 - 1022). What is the highest common factor of i and 32?
32
Let x = 3 + 1. Suppose 0 = -n + m + 4, -n - 21 = -5*n + 5*m. Let q be (-26)/n + -6 + 0. Calculate the highest common factor of q and x.
4
Let a(z) = 14*z - 336. Let c(o) = -17*o + 338. Let g(n) = -3*a(n) - 2*c(n). Let i be g(29). What is the greatest common factor of i and 8?
4
Suppose 0 = m + w + 3*w + 30, w = 3*m + 38. Suppose -95*i + 3471 = 856 - 1090. Let g = i + m. What is the greatest common factor of 5 and g?
5
Let o be 200 + -1 + 1 + 8 + (-14 - -6). Let c = 8 + 1. Let x = c - -71. What is the greatest common factor of o and x?
40
Suppose 0*z + 114 = z + 4*b, 0 = -12*b + 84. Calculate the highest common factor of 8858 and z.
86
Let q = -40 + 79. Let i(v) = 142*v + 324. Let l be i(-2). Let s(r) = -2*r + 119. Let m be s(l). What is the greatest common divisor of m and q?
39
Suppose -28*n + 26397 + 25375 = 0. Calculate the highest common divisor of n and 43.
43
Let v be (-7)/((-308)/(-8)) - (-7 + (-2851)/11). What is the greatest common divisor of v and 608?
38
Suppose 5*s = -30*j + 24275, -3*s - 5*j + 19553 = s. Calculate the highest common divisor of 236 and s.
59
Suppose c + 3 = 15. Let j be 24/(-48)*-1*8. Calculate the greatest common factor of j and c.
4
Suppose 265 = 17*x + 724. Let w be -10 + 7 - x/(-2 - -5). Suppose 0 = -5*u + w + 124. Calculate the highest common divisor of u and 2.
2
Let i be (-6 - -1) + 503 + -8. Let k = -243 + i. What is the greatest common factor of k and 13?
13
Let i(u) = -785*u + 5322. Let n be i(6). What is the highest common divisor of 144 and n?
36
Let r be -8*((-37)/6*-3 - 3). Let z = r + 260. Suppose 170 = -0*t + 5*t. Calculate the greatest common factor of t and z.
34
Let s = -5884 + 6092. Suppose m + w - 154 = 0, 4*m - 2*w = 549 + 79. Calculate the greatest common factor of s and m.
52
Suppose 126 = m + r, 370 = 3*m - 3*r - 2*r. Let g = -8 + m. What is the highest common factor of 195 and g?
39
Let d be (1/(-3) + 0)/(13/(-273)). Let z = d + -3. Suppose -z*l + c + 23 = -4*c, -5*c = l - 37. Calculate the highest common factor of l and 108.
12
Let k(r) = r - 11*r + 9*r - r + 50. Let a be k(9). Let g be (51 + -11)*(-16)/(-10). Calculate the highest common divisor of a and g.
32
Suppose -14*j + 944 = -1114. Let x = j + -142. Calculate the greatest common factor of x and 2.
1
Let a(k) = 2*k**2 + 146*k + 2322. Let i be a(-16). What 